of v?
1
Let z(m) = m**3 - 11*m**2 - 4*m + 29. Let o be 9/12*4 + 10. What is the units digit of z(o)?
5
Suppose 8*x = 6*x - 2976. Let y = -740 - x. What is the hundreds digit of y?
7
Let u(l) = 3*l + 8. Let t be u(4). Suppose -4*a + 4*r + 20 = 0, 4*a = r + r + t. Suppose 130 = a*n + 5*c, 0 = -2*c + 4*c - 8. What is the tens digit of n?
2
What is the units digit of (-81666)/(-27) + 5/(1 + 14)?
5
Suppose 0 = 71*c + 460*c - 1838853. What is the units digit of c?
3
Suppose -8073 = -3*m - 4*a, -6352 - 7089 = -5*m - 2*a. What is the hundreds digit of m?
6
Suppose -2248 - 1952 = 5*v. What is the hundreds digit of -46 - v - (11 - 2)?
7
Suppose 66*b - 4 = 65*b. Suppose -3*j + b*j = 33. Suppose 5*y + j = 218. What is the tens digit of y?
3
Suppose -3*k - 4*k + 7 = 0. Let p be ((-33)/1)/(6*k/(-8)). Suppose 10*u = 16 + p. What is the units digit of u?
6
Suppose -2*o + 12 = 2*d - 6*o, 30 = 5*d - 4*o. What is the thousands digit of (1 + d/(-8))/((-8)/(-32288))?
1
Let b = -19139 + 31760. What is the ten thousands digit of b?
1
Suppose -4*n - t = -1319 + 5203, 3*t = -4*n - 3884. Let m = -244 - n. What is the units digit of m?
7
Let x(u) = -59*u**3 - 2*u**2 + 17*u - 1. What is the ten thousands digit of x(-8)?
2
Suppose 0 = -3*c + 12, -2*c + 255 = b + 1913. What is the tens digit of (b/147)/(4/(-282))?
9
Let n(c) = c**3 - 4*c**2 + 2. Let m be n(4). Suppose -m*y + 46 + 66 = 0. What is the units digit of y?
6
Let t(l) = -l + 4. Let w be t(2). Suppose -a + 3*a - 22 = 2*j, 5*a + w*j = 48. Suppose -a*h + 5*h = -40. What is the units digit of h?
8
Let l be 41/((6/3)/(-14)) + -1. Let c = l + 601. What is the hundreds digit of c?
3
Suppose 5*b - 1275 = -5*t, 54*b + 3*t + 741 = 57*b. What is the hundreds digit of b?
2
Let h be 8/(-1) + (-98)/(-7). What is the hundreds digit of 132 + (16/h)/8*0?
1
Suppose -3*t = -2*t - 270. Let c = -2295 - -2302. Suppose -136 = -c*y + t. What is the tens digit of y?
5
Suppose 16*s - 14*s = 0. Let q(p) = -59 + 54 + 35 + p**3 - 2*p**2. What is the tens digit of q(s)?
3
Let h = -30 + 32. Suppose -o = -17*v + 20*v - 755, h*v = -3*o + 2251. What is the tens digit of o?
4
Let s be ((-10)/(-15))/(2/(-576)). Let v = s + 222. What is the units digit of v?
0
Suppose -429*b + 29*b + 8*b + 295176 = 0. What is the tens digit of b?
5
Let d(u) = -u**2 - 8*u - 26. Suppose 8*w = 3*w. Let s be d(w). Let m(q) = -q**3 - 26*q**2 - q + 23. What is the units digit of m(s)?
9
Suppose -4*a + 19389 = -102617 + 16110. What is the units digit of a?
4
Let l = 147 - 132. Suppose -5*m - 15 = 0, -l = -6*w + 5*w + m. What is the units digit of w?
2
Let r be 946/129*(1 - 2042/(-4)). Suppose -5*k + k + r = j, 2*j + 4705 = 5*k. What is the tens digit of k?
3
Suppose 4*x - 10177 = -7*k + 31299, -31107 = -3*x - 5*k. What is the thousands digit of x?
0
Suppose -281059 = -4*h - 3*w, 5*w + 82 = 127. What is the hundreds digit of h?
2
Let v(p) = 412*p**2 + 173*p - 2141. What is the tens digit of v(12)?
6
What is the hundreds digit of (78/52)/((-12)/(-9046)*5/20)?
5
Suppose 3*t + 6 = -2*k, 0*k - 2*t + 6 = -2*k. Let o be (-1)/(52/(-16) - k). Suppose 3 = m - 1, 3*q + o*m - 184 = 0. What is the tens digit of q?
5
What is the hundreds digit of -1*(-376712)/40 - 1/(-5)?
4
Let o(d) = -1852*d + 31. What is the units digit of o(-1)?
3
Let l(g) = 39*g**3 + 2*g**2 + 3*g + 2. Let h be l(-1). Let r = 50 + h. Suppose 9*x - 102 = -r. What is the units digit of x?
0
Suppose -76*f + 191664 = 45*f. What is the thousands digit of f?
1
Suppose -14*j - 2031 + 26210 = -148063. What is the thousands digit of j?
2
Let d be (2/(-6))/(3/(-441)). Let p(r) = 6*r**2 + 2*r - 43. Let f be p(0). Let l = d + f. What is the units digit of l?
6
Let z = -148 - -195. Let n = z + 59. What is the tens digit of n?
0
Suppose -4*q - 6*q + 272992 = -202578. What is the units digit of q?
7
Let p(x) = 3*x**3 - 6*x**2 + 12*x + 62. What is the thousands digit of p(8)?
1
Let k be (0 - (-6)/(-4))*2710/5. Let r = -187 - k. What is the units digit of r?
6
Let u(f) = f**3 + 16*f**2 + 7*f - 22. Suppose 0 = 6*j + 189 - 111. What is the tens digit of u(j)?
9
Suppose -12*l - 11169 = -38697. Suppose -25*o - l + 17119 = 0. What is the units digit of o?
3
Let d be (-2 + -6 + -2)*1/(-2). Suppose -d*c = -c + 20. What is the tens digit of 81 - c/((-5)/(-2))?
8
Let f = 60914 - 24656. What is the tens digit of f?
5
Let y(h) = -h**3 + 11*h**2 + 8*h - 1. Let x = 428 - 433. What is the units digit of y(x)?
9
Suppose -10*v - 35 = -55. Suppose 16*h - 15*h - 880 = -v*g, h - 439 = -g. What is the hundreds digit of g?
4
Suppose -6*p = -11*p. Suppose -r - 17 + 169 = p. Let k = r + -91. What is the units digit of k?
1
What is the hundreds digit of -8*100/(-240)*(15363 + 0)?
2
Let c(t) = -130*t. Let i be c(-1). Let o = i - 375. What is the units digit of o/(-13) + (-6)/(-39)?
9
Suppose 2*f + t = -t + 14, 0 = -3*t + 15. Suppose -y - 100 = -f*j + 646, 0 = j - 4*y - 359. What is the units digit of j?
5
Let f(d) = 31*d**2 - 48*d - 178. What is the tens digit of f(-4)?
1
Suppose -4*u = 5*o - 478, 3*o - 2*o = -5*u + 608. Suppose 126 = -2*f - u. Let y = -18 - f. What is the hundreds digit of y?
1
What is the thousands digit of 3*2526 + (-96 - -96)?
7
Let a(c) = -14*c - 17. Let f be a(-3). Let m = 29 - f. Suppose m*v = -v + 80. What is the units digit of v?
6
Suppose 0 = 3*z - 54 + 6. Suppose z = 5*l - 0*u - u, 0 = -2*l - 2*u + 4. Suppose l*x - 146 = x + 2*a, 5*a - 365 = -5*x. What is the units digit of x?
3
Let b be (-2)/(-6 + 5 - 363/(-361)). Let f = b + 675. What is the units digit of f?
4
Suppose 4*v + 134803 = 2*a - v, 336955 = 5*a - 2*v. What is the tens digit of a?
8
Let d(p) = 204*p**3 + 10*p**2 - 30*p - 7. What is the hundreds digit of d(5)?
5
Let t(d) = 216*d + 4876. What is the hundreds digit of t(85)?
2
Suppose -6*z + 4*z = 4*j - 4678, 7011 = 3*z + 4*j. What is the tens digit of z?
3
Let m(r) = 6*r**2 - 2*r + 1. Let l be m(-5). Let o be (-11 + 126/12)/(1/156). Let f = l + o. What is the tens digit of f?
8
Let x(w) = -w**2 + 2*w + 4. Let u be x(-5). Let s = 242 + u. Let g = s - -61. What is the tens digit of g?
7
Let z(b) = -2*b**3 + 3*b**2 + 2*b - 2. Let a be z(-1). What is the units digit of a + 408 - 2/(-6)*-3?
8
Let s(p) = -p**3 + 14*p**2 + 8*p - 35. Let z be s(14). Let h = z - 120. Let b = 57 + h. What is the units digit of b?
4
Suppose -3*k - 2*c + 13301 = 0, 13289 = -33*k + 36*k - c. What is the units digit of k?
1
Let d be 1/((-2)/(-10)) + 89/89. Suppose -2110 + 10180 = d*n. What is the tens digit of n?
4
Suppose -18 = 6*d - 48. What is the units digit of d + (-111)/21 - (-6054)/21?
8
Let n be -4 + 6 - -1 - -31. What is the tens digit of (-5)/(5/(-14))*n?
7
Suppose 4*c + 3*o - 4*o - 1896 = 0, -3*c + 1417 = -2*o. Let v = c + -197. What is the units digit of v?
8
Suppose 169*l = 241*l - 1841184. What is the units digit of l?
2
Let u = -3753 - -4440. What is the tens digit of u?
8
Let s(h) = -h**3 + 9*h**2 + 63*h - 5. Let c be s(-10). Suppose -5*d + 1780 = 3*z, -3*z + c = 2*d - 518. What is the tens digit of z?
9
Let q be (-4902)/(-78) - 1/((-26)/4). Let p be -3 - (q/(-14))/((-3)/40). Let d = 67 + p. What is the units digit of d?
4
Let t be 6 + (-3 - -28) + 0. Suppose -34*k + t*k + 1374 = 0. What is the tens digit of k?
5
Let n = 65 - 85. Let i = n - -203. What is the units digit of i?
3
Let b be ((-5)/15*-2)/(1/9). What is the tens digit of (-610)/(-6) + b/(-9)?
0
Suppose 19 + 479 = 3*m + 3*r, -3*r = -4*m + 650. What is the tens digit of m + (-13)/(13/(-2))?
6
Suppose 0 = 5*p - 1625 - 17065. What is the thousands digit of p?
3
Suppose -636424 = 7*a - 159*a. What is the thousands digit of a?
4
Let f(b) = -b**3 + 11*b**2 + 17*b + 18. Let r be f(14). What is the units digit of (-360469)/r - (-1)/4?
6
Let z = 157 + -247. What is the tens digit of 214/((5/(-3))/(z/108))?
0
Let c(d) = 6*d**2 + 331*d - 1623. What is the hundreds digit of c(5)?
1
Let o = 27 + 52. Let h = -102 + o. Let d = h + 201. What is the units digit of d?
8
Suppose -5*i + 5*w - 4*w = -477, -399 = -4*i - 5*w. Suppose 93*n + 3603 = i*n. What is the hundreds digit of n?
2
Let w be 3/((-3)/(-3)*1). Suppose 0 = 5*i + w*q + 250, -4*q + 3 = -17. Let n = 8 - i. What is the units digit of n?
1
Suppose 103180 = -105*p + 228*p - 101*p. What is the units digit of p?
0
Let j = -1672 - -2